at is the units digit of q?
7
Let z(h) = -145*h + 24. What is the hundreds digit of z(-3)?
4
Suppose 4*a - 7 = 5. Let j(s) = -a - 4 + s + 5 + 0*s. What is the units digit of j(7)?
5
Suppose n - 70 = -5*x, -2*x + 3*n + 16 = n. What is the units digit of x?
3
Let i = -47 + 92. What is the units digit of i?
5
Let p(g) = g**2 + g + 3. Let z be p(0). Let y(n) = -n**3 + 3*n**2 + 3. What is the units digit of y(z)?
3
Suppose 6 = -2*z - 2*p, -p - 3 = -4*z + 10. Suppose -5*s + 0*r + 4*r = -17, -6 = z*r. What is the units digit of s?
1
Suppose 5*x = 4*n - 7, -4*n - 3*x + 0*x = -15. What is the tens digit of (-330)/(-40)*4/n?
1
Let k = 3 - 1. Suppose k*s = 2*q - 10, -2*s = s + 3. Suppose -q*h - h + 30 = 0. What is the units digit of h?
6
Suppose -i = -b - 2*b + 13, b - 3 = i. Suppose -3*m + 5 = -i*m. What is the units digit of m?
5
Let n(l) = -l**2 + 7*l + 7. Let b be 1 + (2 - -6)*3. Suppose -1 = 4*j - b. What is the units digit of n(j)?
3
Let k = 3 + 0. Suppose 4*z + 0*z - 76 = 2*b, -3*b = k*z - 48. Let j = 32 - z. What is the units digit of j?
4
Let a = 160 + -107. What is the tens digit of a?
5
Suppose -5 = 5*t - 30. Suppose 5*l - 15 = t. Let q(r) = r**2 - 2*r - 2. What is the units digit of q(l)?
6
Suppose 5*c - 15 + 0 = -4*d, 0 = -4*c + 5*d + 12. Suppose -4*q = z - 32, 0*z - 193 = -4*z - c*q. What is the tens digit of z?
5
What is the units digit of (9/2 - 4)*22?
1
Suppose -3*v + 224 = -28. What is the tens digit of v?
8
Let t(y) = 6*y - 2*y - 1 + 4*y**2 - 3*y**2. Let c be t(-5). Suppose -j + 5 = 0, -16 = -u - c*j + 3*j. What is the tens digit of u?
1
Suppose -4*l + 25 = -4*k + 9, 16 = -2*l - 4*k. Suppose y - 6*y + 5 = l. What is the units digit of (-84)/(-16) + y/(-4)?
5
Suppose 0 = w - 0*w + 2. Let z be (-10)/(-2) - (2 + w). Suppose -b = -z*g - 2, 0 = -6*b + 2*b - 2*g + 8. What is the units digit of b?
2
Let z(y) = -y**3 + 6*y**2 + 2. Let h be z(5). Let f = -5 + h. What is the units digit of f?
2
Let b(i) = -i**2 + 3*i + 0*i + i**3 + 0*i - 4*i. What is the units digit of b(2)?
2
Let q be (-1)/2*-2 + 2. Let p = 26 + q. Suppose 3*s = -j + p, -16 = 5*s - 41. What is the tens digit of j?
1
Suppose -19*c + 130 = -14*c. What is the units digit of c?
6
Let w be 0 + (-4)/((-12)/21). Let b(t) = 4*t - 5. What is the tens digit of b(w)?
2
Let j be (-8)/12*(-117)/2. Let x = j - 20. What is the units digit of x?
9
Suppose 3*v + 4*p + 5 = 0, -3 = 4*v + 4*p + 1. Let k = v - -6. What is the units digit of k?
7
Suppose 0*w = 4*w + 4. What is the units digit of 11 + w - -3 - 1?
2
Suppose 0 = -2*i - 3*b + 73, 4 = 3*b - 5. What is the units digit of (-4)/20 + i/10?
3
Let y = -85 - -143. What is the units digit of y?
8
Suppose -r - r + 78 = 0. What is the units digit of r?
9
Suppose 2*q + 4*q = 996. What is the tens digit of q?
6
Let x(m) = 4*m + 4*m**2 - 6*m**2 + 1 - 9 + 3*m**2. Suppose -3*o + 4*g = 34, 5*o + g + 0*g + 26 = 0. What is the units digit of x(o)?
4
Let r = 186 + 59. What is the units digit of r?
5
Let x be (1/1)/(2/10). Let p(m) = 13 + 0*m**2 + m**3 + 0*m**3 - x*m**2 - 7*m - 6. What is the units digit of p(6)?
1
Let i(w) be the second derivative of -w**4/12 - w**3/2 - 2*w. Let f be i(-3). Suppose 1 = 5*c + 6, -z + 5*c + 15 = f. What is the units digit of z?
0
Let s(y) = -5*y - 6. What is the tens digit of s(-9)?
3
Let t = 16 + -18. What is the units digit of 225/20 + t/8?
1
Suppose 4*a + 1 = a + 5*h, -4*h - 20 = -5*a. Let q = -6 + a. Suppose -11 = q*v - 41. What is the units digit of v?
5
Let m be (1/3)/((-5)/(-15)). Let n(d) = 1 + 23*d**2 - 8*d - 9*d**2 + 7*d. What is the tens digit of n(m)?
1
Let r = -62 - -117. What is the units digit of r?
5
Let k(z) = -7 + 1 + 4*z**2 - z**3 + 2 + 1 - z. Let g(a) = -a**3 + 4*a**2 - 4*a + 3. Let i be g(2). What is the units digit of k(i)?
3
Let m be 104/(-12)*6/(-4). Suppose 2*j - 14 = 4*j - 4*w, -m = 3*j - 4*w. What is the units digit of j?
1
Suppose -2*m + 7*m - 100 = 0. What is the units digit of m?
0
Let u be 0 + 3/1 + -4. Let z be (73 - (0 - u)) + 0. Suppose 7*w - 91 = 2*w - 2*q, -z = -4*w - 2*q. What is the tens digit of w?
1
Suppose -12 - 6 = -3*b. Let q = 9 - b. Suppose -m + 7 - 20 = q*v, 2*m = v + 9. What is the units digit of m?
2
Suppose 5*f - p = -66, 3*p + 62 = -3*f + 8. Let t = -9 - f. Suppose 0 = -n + c + 11, -n + 2*c - 20 = -t*n. What is the units digit of n?
7
Let z be (-1)/(1/(-4)) + -2. Let g(j) = -j**3 + 4*j**2 - 4*j + 2. What is the units digit of g(z)?
2
Let k(l) = -l**2 + l - 4. Let c(y) = -y**2 + 11*y + 9. Let t be c(12). Let z be k(t). Let g = z + 33. What is the units digit of g?
7
Suppose 3*r - 19 = -n, n + 0*r - 5*r = -21. What is the tens digit of 2*(-2 - (-34)/n)?
1
Suppose -5*i - 4*b = -618 - 852, -4*i + 2*b + 1176 = 0. What is the units digit of i?
4
What is the hundreds digit of ((-23)/2)/((102/(-120))/17)?
2
Let m(n) be the third derivative of -n**4/12 - 5*n**3/6 + 4*n**2. What is the units digit of m(-4)?
3
Suppose 2*x - 56 = -4*p, 5*p = -3*x + p + 80. What is the units digit of x?
4
Suppose t - x - 32 = 0, 4*x = 3*t - 6*t + 89. What is the tens digit of t?
3
Suppose -j = 3*l - 52, 0*l + 4*j = -l + 10. What is the tens digit of l?
1
Suppose 22 = 3*u - 137. What is the tens digit of u?
5
Suppose 3*z - 7*z = -4. Let x be (-3)/(1/z + -2). Suppose -1 = -l - x*h, -5*l + h - 6*h = -25. What is the units digit of l?
7
Let k(b) be the first derivative of b**4/4 + 2*b**3 - b**2 - 9*b + 1. Suppose 5*a + 44 = -4*u, 4*u + 2*a = -2*a - 40. What is the units digit of k(u)?
3
Let d = -6 + 6. Suppose d*q - 15 = -5*q. What is the units digit of -3 + -1 + 3 + q?
2
Suppose 0*y - 5*y = -40. What is the units digit of y?
8
Suppose 3*c = -w - 3*w + 348, 4*c = w + 445. What is the units digit of c?
2
Let h(f) = -f + 9. Let c be h(0). What is the units digit of (-158)/(-18) - (-2)/c?
9
Let s = 204 - -4. What is the hundreds digit of s?
2
Let l = 21 - 15. Suppose -5*o = -r - 15, -2*o + 2*r + 2*r + l = 0. What is the units digit of o - 3/((-9)/6)?
5
Suppose h = 3*z - 5, -z + h + 4 - 5 = 0. Let g = 30 + -12. Suppose -2*v + g = 4*b, -b - 29 = -3*b + z*v. What is the units digit of b?
7
Let y be (20/(-15))/(2/21). Let u = 20 + y. What is the units digit of u?
6
Let g be ((-4)/8)/((-1)/(-14)). Let y(r) = -r**3 - r + 1. Let i be y(-2). Let c = g + i. What is the units digit of c?
4
Suppose -6*k - k = 0. Suppose k = 5*o - 3*o - 38. What is the tens digit of o?
1
Suppose -5 + 30 = 5*s. Suppose -s*f = 5 - 40. What is the units digit of f?
7
Suppose 3*k - k + 14 = 0. Let p be 23/k + 4/14. What is the units digit of 0 - 1 - p/1?
2
What is the units digit of 10 + (-5 - -4) + 0?
9
Suppose 3*i - s = s + 11, -s - 18 = -4*i. Suppose -2*h - 2 = 4*v, 0 = -i*v - h + 4*h - 8. What is the tens digit of (v - 6)/((-4)/8)?
1
Suppose -2*k = -0*k - 54. What is the tens digit of k?
2
Let h = -23 + 38. What is the tens digit of h?
1
Let i be (6/6)/((-1)/2). What is the tens digit of 11*-2*i/4?
1
Let u(z) = 3*z**3 + 3*z**2 - z - 2. What is the units digit of u(2)?
2
Let z be (34/8)/((-4)/16). Let s = z - -7. Let y = -5 - s. What is the units digit of y?
5
Suppose 100 = 3*i + 4*p, -8*i + 2*p + 48 = -6*i. What is the tens digit of i?
2
Let i be (0 + 2)/(4/(-14)). Let q be (-19)/(-2) - (-2)/4. Let c = q + i. What is the units digit of c?
3
Suppose 120 = 8*l - 4*l. What is the units digit of l?
0
Suppose 0 = 12*x - 16*x + 848. What is the tens digit of x?
1
Let i be 2 + (2 - -3) + -3. What is the units digit of i/6 + (-129)/(-9)?
5
Let h = -1 + -2. Let k(m) = -m**3 - 2*m**2 + 2*m. Let r be k(h). Suppose 2*g - r*s - s = 6, -5*s = -25. What is the tens digit of g?
1
Suppose 0 = -2*d - 5*o + 96, -2*d + 2*o - 144 = -5*d. What is the tens digit of d?
4
Let o(i) = -1 + 0 - 4*i + 0. Let j be o(-2). Let n(w) = w**3 - 6*w**2 - 8*w + 9. What is the units digit of n(j)?
2
Let h(t) = -6*t**3 + 2*t**2 + t + 5. What is the units digit of h(-3)?
2
Suppose -4*a + 1 = -23. Let j be (-5)/4*(-4)/1. What is the units digit of a/3 + j + 1?
8
Suppose i + 5*i - 120 = 0. What is the units digit of i?
0
Suppose u + 10 = -4*u, -5*m + 4*u + 453 = 0. What is the tens digit of m?
8
Let a(l) = -14*l. Let p be a(2). Let v(o) = o**3 - 5*o**2 - 4*o - 14. Let g be v(6). What is the units digit of g/3 - p/6?
4
Let d = -45 + 84. What is the units digit of d?
9
Let o(z) =